{"id":8126,"date":"2025-02-11T19:26:01","date_gmt":"2025-02-11T19:26:01","guid":{"rendered":"https:\/\/lgt-conseil.com\/?page_id=8126"},"modified":"2025-02-11T19:26:25","modified_gmt":"2025-02-11T19:26:25","slug":"qui-sommes-nous-2","status":"publish","type":"page","link":"https:\/\/lgtconseil.com\/index.php\/qui-sommes-nous-2\/","title":{"rendered":"Qui sommes nous 2 ?"},"content":{"rendered":"\t\t<div data-elementor-type=\"wp-page\" data-elementor-id=\"8126\" class=\"elementor elementor-8126\">\n\t\t\t\t\t\t<section class=\"elementor-section elementor-top-section elementor-element elementor-element-296bda5 elementor-section-stretched elementor-section-boxed elementor-section-height-default elementor-section-height-default elementor-invisible\" data-id=\"296bda5\" data-element_type=\"section\" data-e-type=\"section\" data-settings=\"{&quot;stretch_section&quot;:&quot;section-stretched&quot;,&quot;animation&quot;:&quot;opal-move-up&quot;}\">\n\t\t\t\t\t\t<div class=\"elementor-container elementor-column-gap-no\">\n\t\t\t\t\t<div class=\"elementor-column elementor-col-100 elementor-top-column elementor-element elementor-element-beafd35\" data-id=\"beafd35\" data-element_type=\"column\" data-e-type=\"column\">\n\t\t\t<div class=\"elementor-widget-wrap elementor-element-populated\">\n\t\t\t\t\t\t<div class=\"elementor-element elementor-element-ef1a4cf elementor-widget elementor-widget-heading\" data-id=\"ef1a4cf\" data-element_type=\"widget\" data-e-type=\"widget\" data-widget_type=\"heading.default\">\n\t\t\t\t<div class=\"elementor-widget-container\">\n\t\t\t\t\t<div class=\"elementor-heading-wrapper\" ><div class=\"elementor-heading-wrapper-inner\"><h2 class=\"elementor-heading-title elementor-size-default\">LGT Conseil : Expert en Immobilier d'Entreprise en Rh\u00f4ne-Alpes<\/h2><\/div><\/div>\t\t\t\t<\/div>\n\t\t\t\t<\/div>\n\t\t\t\t<div class=\"elementor-element elementor-element-a6351be elementor-widget elementor-widget-text-editor\" data-id=\"a6351be\" data-element_type=\"widget\" data-e-type=\"widget\" data-widget_type=\"text-editor.default\">\n\t\t\t\t<div class=\"elementor-widget-container\">\n\t\t\t\t\t        <div class=\"elementor-text-editor elementor-clearfix\"><p>LGT Conseil est sp\u00e9cialis\u00e9 dans l&rsquo;immobilier d&rsquo;entreprise en Rh\u00f4ne-Alpes, avec une pr\u00e9sence marqu\u00e9e dans la r\u00e9gion lyonnaise. Actif sur la m\u00e9tropole de Lyon ainsi que dans les d\u00e9partements du Rh\u00f4ne, de l&rsquo;Ain, de l&rsquo;Is\u00e8re et de la Loire, LGT Conseil accompagne les entreprises dans leurs projets immobiliers avec expertise et engagement.<\/p><\/div>\n        \t\t\t\t<\/div>\n\t\t\t\t<\/div>\n\t\t\t\t\t<\/div>\n\t\t<\/div>\n\t\t\t\t\t<\/div>\n\t\t<\/section>\n\t\t\t\t<section class=\"elementor-section elementor-top-section elementor-element elementor-element-25e14ff elementor-section-stretched elementor-section-content-middle elementor-section-boxed elementor-section-height-default elementor-section-height-default\" data-id=\"25e14ff\" data-element_type=\"section\" data-e-type=\"section\" data-settings=\"{&quot;stretch_section&quot;:&quot;section-stretched&quot;}\">\n\t\t\t\t\t\t<div class=\"elementor-container elementor-column-gap-no\">\n\t\t\t\t\t<div class=\"elementor-column elementor-col-50 elementor-top-column elementor-element elementor-element-4cb6042 animated-fast elementor-invisible\" data-id=\"4cb6042\" data-element_type=\"column\" data-e-type=\"column\" data-settings=\"{&quot;animation&quot;:&quot;opal-move-up&quot;,&quot;animation_delay&quot;:150}\">\n\t\t\t<div class=\"elementor-widget-wrap elementor-element-populated\">\n\t\t\t\t\t\t<div class=\"elementor-element elementor-element-35603ab elementor-widget elementor-widget-image\" data-id=\"35603ab\" data-element_type=\"widget\" data-e-type=\"widget\" data-widget_type=\"image.default\">\n\t\t\t\t<div class=\"elementor-widget-container\">\n\t\t\t\t\t\t\t\t\t\t\t\t\t\t\t<img fetchpriority=\"high\" decoding=\"async\" width=\"770\" height=\"500\" src=\"https:\/\/lgtconseil.com\/wp-content\/uploads\/2019\/10\/about-why1.jpg\" class=\"attachment-full size-full wp-image-1159\" alt=\"\" srcset=\"https:\/\/lgtconseil.com\/wp-content\/uploads\/2019\/10\/about-why1.jpg 770w, https:\/\/lgtconseil.com\/wp-content\/uploads\/2019\/10\/about-why1-300x195.jpg 300w, https:\/\/lgtconseil.com\/wp-content\/uploads\/2019\/10\/about-why1-768x499.jpg 768w, https:\/\/lgtconseil.com\/wp-content\/uploads\/2019\/10\/about-why1-700x455.jpg 700w\" sizes=\"(max-width: 770px) 100vw, 770px\" \/>\t\t\t\t\t\t\t\t\t\t\t\t\t\t\t<\/div>\n\t\t\t\t<\/div>\n\t\t\t\t\t<\/div>\n\t\t<\/div>\n\t\t\t\t<div class=\"elementor-column elementor-col-50 elementor-top-column elementor-element elementor-element-3287609 animated-fast elementor-invisible\" data-id=\"3287609\" data-element_type=\"column\" data-e-type=\"column\" data-settings=\"{&quot;animation&quot;:&quot;opal-move-up&quot;,&quot;animation_delay&quot;:300}\">\n\t\t\t<div class=\"elementor-widget-wrap elementor-element-populated\">\n\t\t\t\t\t\t<div class=\"elementor-element elementor-element-438ae68 elementor-view-default elementor-position-top icon-box-default elementor-vertical-align-top elementor-widget elementor-widget-icon-box\" data-id=\"438ae68\" data-element_type=\"widget\" data-e-type=\"widget\" data-widget_type=\"icon-box.default\">\n\t\t\t\t<div class=\"elementor-widget-container\">\n\t\t\t\t\t        <div class=\"elementor-icon-box-wrapper elementor-button-\">\n                <div class=\"elementor-icon-box-icon\">\n        <span class=\"elementor-icon elementor-animation-\" >\n                    <i class=\"opal-icon- opal-icon-product opal-custom\" aria-hidden=\"true\"><\/i>\n                <\/span>\n        <\/div>\n            <div class=\"elementor-icon-box-content\">\n        <h4 class=\"elementor-icon-box-title\">\n        <span >Une exp\u00e9rience de plus de 25 ans<\/span>\n        <\/h4>\n\n        <p class=\"elementor-icon-box-description\">Une exp\u00e9rience de plus de 25 ans et une connaissance profonde du march\u00e9 de l\u2019immobilier d\u2019entreprise nous permettent d\u2019accompagner les acteurs de l\u2019immobilier professionnel :\n\nPropri\u00e9taires\nUtilisateurs\nCollectivit\u00e9s locales\nInvestisseurs\nPromoteurs<\/p>\n\n        \n        <\/div>\n        <\/div>\n        \t\t\t\t<\/div>\n\t\t\t\t<\/div>\n\t\t\t\t\t<\/div>\n\t\t<\/div>\n\t\t\t\t\t<\/div>\n\t\t<\/section>\n\t\t\t\t<\/div>\n\t\t","protected":false},"excerpt":{"rendered":"<p>LGT Conseil : Expert en Immobilier d&rsquo;Entreprise en Rh\u00f4ne-Alpes LGT Conseil est sp\u00e9cialis\u00e9 dans l&rsquo;immobilier d&rsquo;entreprise en Rh\u00f4ne-Alpes, avec une pr\u00e9sence marqu\u00e9e dans la r\u00e9gion lyonnaise. Actif sur la m\u00e9tropole de Lyon ainsi que dans les d\u00e9partements du Rh\u00f4ne, de l&rsquo;Ain, de l&rsquo;Is\u00e8re et de la Loire, LGT Conseil accompagne les entreprises dans leurs projets &hellip; <\/p>\n<p class=\"link-more\"><a href=\"https:\/\/lgtconseil.com\/index.php\/qui-sommes-nous-2\/\" class=\"more-link\">Read More <span class=\"screen-reader-text\"> \u00ab\u00a0Qui sommes nous 2 ?\u00a0\u00bb<\/span><\/a><\/p>\n","protected":false},"author":1,"featured_media":0,"parent":0,"menu_order":0,"comment_status":"closed","ping_status":"closed","template":"","meta":{"_monsterinsights_skip_tracking":false,"_monsterinsights_sitenote_active":false,"_monsterinsights_sitenote_note":"","_monsterinsights_sitenote_category":0,"footnotes":""},"class_list":["post-8126","page","type-page","status-publish","hentry"],"aioseo_notices":[],"_links":{"self":[{"href":"https:\/\/lgtconseil.com\/index.php\/wp-json\/wp\/v2\/pages\/8126"}],"collection":[{"href":"https:\/\/lgtconseil.com\/index.php\/wp-json\/wp\/v2\/pages"}],"about":[{"href":"https:\/\/lgtconseil.com\/index.php\/wp-json\/wp\/v2\/types\/page"}],"author":[{"embeddable":true,"href":"https:\/\/lgtconseil.com\/index.php\/wp-json\/wp\/v2\/users\/1"}],"replies":[{"embeddable":true,"href":"https:\/\/lgtconseil.com\/index.php\/wp-json\/wp\/v2\/comments?post=8126"}],"version-history":[{"count":3,"href":"https:\/\/lgtconseil.com\/index.php\/wp-json\/wp\/v2\/pages\/8126\/revisions"}],"predecessor-version":[{"id":8129,"href":"https:\/\/lgtconseil.com\/index.php\/wp-json\/wp\/v2\/pages\/8126\/revisions\/8129"}],"wp:attachment":[{"href":"https:\/\/lgtconseil.com\/index.php\/wp-json\/wp\/v2\/media?parent=8126"}],"curies":[{"name":"wp","href":"https:\/\/api.w.org\/{rel}","templated":true}]}}